{"id":1361,"date":"2023-01-02T12:58:40","date_gmt":"2023-01-02T16:58:40","guid":{"rendered":"https:\/\/gadpmontalvo.gob.ec\/esmeraldas\/?page_id=1361"},"modified":"2025-08-26T18:23:56","modified_gmt":"2025-08-26T22:23:56","slug":"rendicion-de-cuentas-2023","status":"publish","type":"page","link":"https:\/\/calderon.gob.ec\/esmeraldas\/?page_id=1361","title":{"rendered":"Rendici\u00f3n de Cuentas 2023"},"content":{"rendered":"<p>El Gobierno Autonomo Descentralizado Parroquial Rural de Calder\u00f3n ha llevado a cabo un riguroso y transparente proceso de rendici\u00f3n de cuentas, con el objetivo de informar a la ciudadan\u00eda sobre la gesti\u00f3n y uso de los recursos p\u00fablicos. Este proceso incluy\u00f3 varias etapas claves, dise\u00f1adas para garantizar la claridad y la participaci\u00f3n ciudadana.<\/p>\n<p>&nbsp;<\/p>\n<h2 class=\"text-center\">Documentaci\u00f3n del Proceso de Rendici\u00f3n de Cuentas 2023<\/h2>\n<p><a href=\"https:\/\/calderon.gob.ec\/esmeraldas\/wp-content\/uploads\/2024\/06\/ASISTENCIA.pdf\">ASISTENCIA<\/a><\/p>\n<p><a href=\"https:\/\/calderon.gob.ec\/esmeraldas\/wp-content\/uploads\/2024\/06\/Acta-de-Rendicion-de-Cuentas-2023.pdf\" target=\"_blank\" rel=\"noopener\">ACTA DE RENDICI\u00d3N DE CUENTAS 2023<\/a><\/p>\n<p><a href=\"https:\/\/calderon.gob.ec\/esmeraldas\/wp-content\/uploads\/2024\/06\/RENDICION-CUENTAS-ANO-2023-PRESIDENTE.pdf\" target=\"_blank\" rel=\"noopener\">RENDICION CUENTAS A\u00d1O 2023 &#8211; Abg. JOSE HECTOR CARABALI &#8211; PRESIDENTE<\/a><\/p>\n<p>&nbsp;<\/p>\n<div><div class=\"n2-section-smartslider \" role=\"region\" aria-label=\"Slider\"><style>div#n2-ss-3{width:1200px;float:left;margin:0px 0px 0px 0px;}html[dir=\"rtl\"] div#n2-ss-3{float:right;}div#n2-ss-3 .n2-ss-slider-1{position:relative;padding-top:0px;padding-right:0px;padding-bottom:0px;padding-left:0px;height:600px;border-style:solid;border-width:0px;border-color:#3e3e3e;border-color:RGBA(62,62,62,1);border-radius:0px;background-clip:padding-box;background-repeat:repeat;background-position:50% 50%;background-size:cover;background-attachment:scroll;}div#n2-ss-3 .n2-ss-slider-background-video-container{position:absolute;left:0;top:0;width:100%;height:100%;overflow:hidden;}div#n2-ss-3 .n2-ss-slider-2{position:relative;width:100%;height:100%;}.x-firefox div#n2-ss-3 .n2-ss-slider-2{opacity:0.99999;}div#n2-ss-3 .n2-ss-slider-3{position:relative;width:100%;height:100%;overflow:hidden;outline:1px solid rgba(0,0,0,0);z-index:10;}div#n2-ss-3 .n2-ss-slide-backgrounds,div#n2-ss-3 .n2-ss-slider-3 > .n-particles-js-canvas-el,div#n2-ss-3 .n2-ss-slider-3 > .n2-ss-divider{position:absolute;left:0;top:0;width:100%;height:100%;}div#n2-ss-3 .n2-ss-slide-backgrounds{z-index:10;}div#n2-ss-3 .n2-ss-slider-3 > .n-particles-js-canvas-el{z-index:12;}div#n2-ss-3 .n2-ss-slide-backgrounds > *{overflow:hidden;}div#n2-ss-3 .n2-ss-slide{position:absolute;top:0;left:0;width:100%;height:100%;z-index:20;display:block;-webkit-backface-visibility:hidden;}div#n2-ss-3 .n2-ss-layers-container{position:relative;width:1200px;height:600px;}div#n2-ss-3 .n2-ss-parallax-clip > .n2-ss-layers-container{position:absolute;right:0;}div#n2-ss-3 .n2-ss-slide{perspective:1000px;}div#n2-ss-3[data-ie] .n2-ss-slide{perspective:none;transform:perspective(1000px);}div#n2-ss-3 .n2-ss-slide-active{z-index:21;}div#n2-ss-3 .nextend-arrow{cursor:pointer;overflow:hidden;line-height:0 !important;z-index:20;}div#n2-ss-3 .nextend-arrow img{position:relative;min-height:0;min-width:0;vertical-align:top;width:auto;height:auto;max-width:100%;max-height:100%;display:inline;}div#n2-ss-3 .nextend-arrow img.n2-arrow-hover-img{display:none;}div#n2-ss-3 .nextend-arrow:HOVER img.n2-arrow-hover-img{display:inline;}div#n2-ss-3 .nextend-arrow:HOVER img.n2-arrow-normal-img{display:none;}div#n2-ss-3 .nextend-arrow-animated{overflow:hidden;}div#n2-ss-3 .nextend-arrow-animated > div{position:relative;}div#n2-ss-3 .nextend-arrow-animated .n2-active{position:absolute;}div#n2-ss-3 .nextend-arrow-animated-fade{transition:background 0.3s, opacity 0.4s;}div#n2-ss-3 .nextend-arrow-animated-horizontal > div{transition:all 0.4s;left:0;}div#n2-ss-3 .nextend-arrow-animated-horizontal .n2-active{top:0;}div#n2-ss-3 .nextend-arrow-previous.nextend-arrow-animated-horizontal:HOVER > div,div#n2-ss-3 .nextend-arrow-next.nextend-arrow-animated-horizontal .n2-active{left:-100%;}div#n2-ss-3 .nextend-arrow-previous.nextend-arrow-animated-horizontal .n2-active,div#n2-ss-3 .nextend-arrow-next.nextend-arrow-animated-horizontal:HOVER > div{left:100%;}div#n2-ss-3 .nextend-arrow.nextend-arrow-animated-horizontal:HOVER .n2-active{left:0;}div#n2-ss-3 .nextend-arrow-animated-vertical > div{transition:all 0.4s;top:0;}div#n2-ss-3 .nextend-arrow-animated-vertical .n2-active{left:0;}div#n2-ss-3 .nextend-arrow-animated-vertical .n2-active{top:-100%;}div#n2-ss-3 .nextend-arrow-animated-vertical:HOVER > div{top:100%;}div#n2-ss-3 .nextend-arrow-animated-vertical:HOVER .n2-active{top:0;}div#n2-ss-3 .n2-ss-control-bullet{visibility:hidden;text-align:center;justify-content:center;}div#n2-ss-3 .n2-ss-control-bullet-horizontal.n2-ss-control-bullet-fullsize{width:100%;}div#n2-ss-3 .n2-ss-control-bullet-vertical.n2-ss-control-bullet-fullsize{height:100%;flex-flow:column;}div#n2-ss-3 .nextend-bullet-bar{display:inline-flex;visibility:visible;align-items:center;flex-wrap:wrap;}div#n2-ss-3 .n2-bar-justify-content-left{justify-content:flex-start;}div#n2-ss-3 .n2-bar-justify-content-center{justify-content:center;}div#n2-ss-3 .n2-bar-justify-content-right{justify-content:flex-end;}div#n2-ss-3 .n2-ss-control-bullet-vertical > .nextend-bullet-bar{flex-flow:column;}div#n2-ss-3 .n2-ss-control-bullet-fullsize > .nextend-bullet-bar{display:flex;}div#n2-ss-3 .n2-ss-control-bullet-horizontal.n2-ss-control-bullet-fullsize > .nextend-bullet-bar{flex:1 1 auto;}div#n2-ss-3 .n2-ss-control-bullet-vertical.n2-ss-control-bullet-fullsize > .nextend-bullet-bar{height:100%;}div#n2-ss-3 .nextend-bullet-bar .n2-bullet{cursor:pointer;transition:background-color 0.4s;}div#n2-ss-3 .nextend-bullet-bar .n2-bullet.n2-active{cursor:default;}div#n2-ss-3 div.n2-ss-bullet-thumbnail-container{position:absolute;opacity:0;z-index:10000000;}div#n2-ss-3 .n2-ss-bullet-thumbnail-container .n2-ss-bullet-thumbnail{background-size:cover;background-repeat:no-repeat;background-position:center;}div#n2-ss-3 .n2-style-09efebcef1f2f45d29438e0cabcf79bc-dot{background: #000000;background: RGBA(0,0,0,0.67);opacity:1;padding:5px 5px 5px 5px ;box-shadow: none;border-width: 0px;border-style: solid;border-color: #000000; border-color: RGBA(0,0,0,1);border-radius:50px;margin: 4px;}div#n2-ss-3 .n2-style-09efebcef1f2f45d29438e0cabcf79bc-dot.n2-active, div#n2-ss-3 .n2-style-09efebcef1f2f45d29438e0cabcf79bc-dot:HOVER, div#n2-ss-3 .n2-style-09efebcef1f2f45d29438e0cabcf79bc-dot:FOCUS{background: #09b474;}div#n2-ss-3 .n2-style-42845aa02120076deb3a5681d1d750ac-simple{background: #000000;background: RGBA(0,0,0,0.5);opacity:1;padding:3px 3px 3px 3px ;box-shadow: none;border-width: 0px;border-style: solid;border-color: #000000; border-color: RGBA(0,0,0,1);border-radius:3px;margin: 5px;}<\/style><div id=\"n2-ss-3-align\" class=\"n2-ss-align\"><div class=\"n2-padding\"><div id=\"n2-ss-3\" data-creator=\"Smart Slider 3\" class=\"n2-ss-slider n2-ow n2-has-hover n2notransition  n2-ss-load-fade \" data-minFontSizedesktopPortrait=\"1\" data-minFontSizedesktopLandscape=\"1\" data-minFontSizetabletPortrait=\"1\" data-minFontSizetabletLandscape=\"1\" data-minFontSizemobilePortrait=\"1\" data-minFontSizemobileLandscape=\"1\" style=\"font-size: 1rem;\" data-fontsize=\"16\">\r\n        <div class=\"n2-ss-slider-1 n2-ss-swipe-element n2-ow\" style=\"\">\r\n                        <div class=\"n2-ss-slider-2 n2-ow\">\r\n                                <div class=\"n2-ss-slider-3 n2-ow\" style=\"\">\r\n\r\n                    <div class=\"n2-ss-slide-backgrounds\"><\/div><div data-first=\"1\" data-slide-duration=\"0\" data-id=\"21\" data-title=\"Autoridades del GADPR Calder\u00f3n\" data-thumbnail=\"\/\/calderon.gob.ec\/esmeraldas\/wp-content\/uploads\/2024\/06\/autoridades.png\" style=\"\" class=\" n2-ss-slide n2-ss-canvas n2-ow  n2-ss-slide-21\"><div class=\"n2-ss-slide-background n2-ow\" data-mode=\"fill\"><div data-hash=\"0d2ad67fff9fa6136a9dd8c812ef1f95\" data-desktop=\"\/\/calderon.gob.ec\/esmeraldas\/wp-content\/uploads\/2024\/06\/autoridades.png\" class=\"n2-ss-slide-background-image\" data-blur=\"0\"><img decoding=\"async\" src=\"\/\/calderon.gob.ec\/esmeraldas\/wp-content\/uploads\/2024\/06\/autoridades.png\" alt=\"\" \/><\/div><\/div><div class=\"n2-ss-layers-container n2-ow\" data-csstextalign=\"center\" style=\"\"><\/div><\/div><div data-slide-duration=\"0\" data-id=\"22\" data-title=\"Moderador\" data-thumbnail=\"\/\/calderon.gob.ec\/esmeraldas\/wp-content\/uploads\/2024\/06\/presentador.png\" style=\"\" class=\" n2-ss-slide n2-ss-canvas n2-ow  n2-ss-slide-22\"><div class=\"n2-ss-slide-background n2-ow\" data-mode=\"fill\"><div data-hash=\"c10fd7e5b75fa20de8f82ab0b0935898\" data-desktop=\"\/\/calderon.gob.ec\/esmeraldas\/wp-content\/uploads\/2024\/06\/presentador.png\" class=\"n2-ss-slide-background-image\" data-blur=\"0\"><img decoding=\"async\" src=\"\/\/calderon.gob.ec\/esmeraldas\/wp-content\/uploads\/2024\/06\/presentador.png\" alt=\"\" \/><\/div><\/div><div class=\"n2-ss-layers-container n2-ow\" data-csstextalign=\"center\" style=\"\"><\/div><\/div><div data-slide-duration=\"0\" data-id=\"23\" data-title=\"Moradores de la Parroquia\" data-thumbnail=\"\/\/calderon.gob.ec\/esmeraldas\/wp-content\/uploads\/2024\/06\/moradores.png\" style=\"\" class=\" n2-ss-slide n2-ss-canvas n2-ow  n2-ss-slide-23\"><div class=\"n2-ss-slide-background n2-ow\" data-mode=\"fill\"><div data-hash=\"81d5b06d87a3e3837656653e8ba28a83\" data-desktop=\"\/\/calderon.gob.ec\/esmeraldas\/wp-content\/uploads\/2024\/06\/moradores.png\" class=\"n2-ss-slide-background-image\" data-blur=\"0\"><img decoding=\"async\" src=\"\/\/calderon.gob.ec\/esmeraldas\/wp-content\/uploads\/2024\/06\/moradores.png\" alt=\"\" \/><\/div><\/div><div class=\"n2-ss-layers-container n2-ow\" data-csstextalign=\"center\" style=\"\"><\/div><\/div><div data-slide-duration=\"0\" data-id=\"24\" data-title=\"Lic. Juan Mercado - Presidente Participaci\u00f3n Ciudadana\" data-thumbnail=\"\/\/calderon.gob.ec\/esmeraldas\/wp-content\/uploads\/2024\/06\/juan-mercado.png\" style=\"\" class=\" n2-ss-slide n2-ss-canvas n2-ow  n2-ss-slide-24\"><div class=\"n2-ss-slide-background n2-ow\" data-mode=\"fill\"><div data-hash=\"6658425fd51c6dd90df6aa772b1210ef\" data-desktop=\"\/\/calderon.gob.ec\/esmeraldas\/wp-content\/uploads\/2024\/06\/juan-mercado.png\" class=\"n2-ss-slide-background-image\" data-blur=\"0\"><img decoding=\"async\" src=\"\/\/calderon.gob.ec\/esmeraldas\/wp-content\/uploads\/2024\/06\/juan-mercado.png\" alt=\"\" \/><\/div><\/div><div class=\"n2-ss-layers-container n2-ow\" data-csstextalign=\"center\" style=\"\"><\/div><\/div><div data-slide-duration=\"0\" data-id=\"25\" data-title=\"Sr. Carlos Qui\u00f1onez - Vocal del GADPR Calder\u00f3n\" data-thumbnail=\"\/\/calderon.gob.ec\/esmeraldas\/wp-content\/uploads\/2024\/06\/carlos-quinonez.png\" style=\"\" class=\" n2-ss-slide n2-ss-canvas n2-ow  n2-ss-slide-25\"><div class=\"n2-ss-slide-background n2-ow\" data-mode=\"fill\"><div data-hash=\"778a427bd5fa644b3d0a9f00dfc953f2\" data-desktop=\"\/\/calderon.gob.ec\/esmeraldas\/wp-content\/uploads\/2024\/06\/carlos-quinonez.png\" class=\"n2-ss-slide-background-image\" data-blur=\"0\"><img decoding=\"async\" src=\"\/\/calderon.gob.ec\/esmeraldas\/wp-content\/uploads\/2024\/06\/carlos-quinonez.png\" alt=\"\" \/><\/div><\/div><div class=\"n2-ss-layers-container n2-ow\" data-csstextalign=\"center\" style=\"\"><\/div><\/div><div data-slide-duration=\"0\" data-id=\"26\" data-title=\"Abg. Jose Hector Carabali - Presidente del GADPR Calder\u00f3n\" data-thumbnail=\"\/\/calderon.gob.ec\/esmeraldas\/wp-content\/uploads\/2024\/06\/presidente.png\" style=\"\" class=\" n2-ss-slide n2-ss-canvas n2-ow  n2-ss-slide-26\"><div class=\"n2-ss-slide-background n2-ow\" data-mode=\"fill\"><div data-hash=\"f897707f81b1926cc098b4a8299b3df8\" data-desktop=\"\/\/calderon.gob.ec\/esmeraldas\/wp-content\/uploads\/2024\/06\/presidente.png\" class=\"n2-ss-slide-background-image\" data-blur=\"0\"><img decoding=\"async\" src=\"\/\/calderon.gob.ec\/esmeraldas\/wp-content\/uploads\/2024\/06\/presidente.png\" alt=\"\" \/><\/div><\/div><div class=\"n2-ss-layers-container n2-ow\" data-csstextalign=\"center\" style=\"\"><\/div><\/div>                <\/div>\r\n            <\/div>\r\n            <div data-ssleft=\"0+15\" data-sstop=\"height\/2-previousheight\/2\" id=\"n2-ss-3-arrow-previous\" class=\"n2-ss-widget n2-ss-widget-display-desktop n2-ss-widget-display-tablet n2-ss-widget-display-mobile nextend-arrow n2-ow nextend-arrow-previous  nextend-arrow-animated-fade n2-ib\" style=\"position: absolute;\" role=\"button\" aria-label=\"Previous slide\" tabindex=\"0\"><img decoding=\"async\" class=\"n2-ow\" data-no-lazy=\"1\" data-hack=\"data-lazy-src\" src=\"data:image\/svg+xml;base64,PHN2ZyB3aWR0aD0iMzIiIGhlaWdodD0iMzIiIHZpZXdCb3g9IjAgMCAzMiAzMiIgeG1sbnM9Imh0dHA6Ly93d3cudzMub3JnLzIwMDAvc3ZnIj48cGF0aCBkPSJNMTEuNDMzIDE1Ljk5MkwyMi42OSA1LjcxMmMuMzkzLS4zOS4zOTMtMS4wMyAwLTEuNDItLjM5My0uMzktMS4wMy0uMzktMS40MjMgMGwtMTEuOTggMTAuOTRjLS4yMS4yMS0uMy40OS0uMjg1Ljc2LS4wMTUuMjguMDc1LjU2LjI4NC43N2wxMS45OCAxMC45NGMuMzkzLjM5IDEuMDMuMzkgMS40MjQgMCAuMzkzLS40LjM5My0xLjAzIDAtMS40MmwtMTEuMjU3LTEwLjI5IiBmaWxsPSIjZmZmZmZmIiBvcGFjaXR5PSIwLjgiIGZpbGwtcnVsZT0iZXZlbm9kZCIvPjwvc3ZnPg==\" alt=\"previous arrow\" \/><\/div>\n<div data-ssright=\"0+15\" data-sstop=\"height\/2-nextheight\/2\" id=\"n2-ss-3-arrow-next\" class=\"n2-ss-widget n2-ss-widget-display-desktop n2-ss-widget-display-tablet n2-ss-widget-display-mobile nextend-arrow n2-ow nextend-arrow-next  nextend-arrow-animated-fade n2-ib\" style=\"position: absolute;\" role=\"button\" aria-label=\"Next slide\" tabindex=\"0\"><img decoding=\"async\" class=\"n2-ow\" data-no-lazy=\"1\" data-hack=\"data-lazy-src\" src=\"data:image\/svg+xml;base64,PHN2ZyB3aWR0aD0iMzIiIGhlaWdodD0iMzIiIHZpZXdCb3g9IjAgMCAzMiAzMiIgeG1sbnM9Imh0dHA6Ly93d3cudzMub3JnLzIwMDAvc3ZnIj48cGF0aCBkPSJNMTAuNzIyIDQuMjkzYy0uMzk0LS4zOS0xLjAzMi0uMzktMS40MjcgMC0uMzkzLjM5LS4zOTMgMS4wMyAwIDEuNDJsMTEuMjgzIDEwLjI4LTExLjI4MyAxMC4yOWMtLjM5My4zOS0uMzkzIDEuMDIgMCAxLjQyLjM5NS4zOSAxLjAzMy4zOSAxLjQyNyAwbDEyLjAwNy0xMC45NGMuMjEtLjIxLjMtLjQ5LjI4NC0uNzcuMDE0LS4yNy0uMDc2LS41NS0uMjg2LS43NkwxMC43MiA0LjI5M3oiIGZpbGw9IiNmZmZmZmYiIG9wYWNpdHk9IjAuOCIgZmlsbC1ydWxlPSJldmVub2RkIi8+PC9zdmc+\" alt=\"next arrow\" \/><\/div>\n        <\/div>\r\n        <div data-position=\"below\" data-offset=\"10\" class=\"n2-ss-widget n2-ss-widget-display-desktop n2-ss-widget-display-tablet n2-ss-widget-display-mobile  n2-flex n2-ss-control-bullet n2-ss-control-bullet-horizontal\" style=\"margin-top:10px;\"><div class=\" nextend-bullet-bar n2-ow n2-bar-justify-content-center\"><\/div><\/div>\n<\/div><div class=\"n2-clear\"><\/div><div id=\"n2-ss-3-spinner\" style=\"display: none;\"><div><div class=\"n2-ss-spinner-simple-white-container\"><div class=\"n2-ss-spinner-simple-white\"><\/div><\/div><\/div><\/div><\/div><\/div><div id=\"n2-ss-3-placeholder\" style=\"position: relative;z-index:2;background-color:RGBA(0,0,0,0);max-height:3000px; background-color:RGBA(255,255,255,0);\"><img decoding=\"async\" style=\"width: 100%; max-width:3000px; display: block;opacity:0;margin:0px;\" class=\"n2-ow\" src=\"data:image\/svg+xml;base64,PHN2ZyB4bWxucz0iaHR0cDovL3d3dy53My5vcmcvMjAwMC9zdmciIHZlcnNpb249IjEuMCIgd2lkdGg9IjEyMDAiIGhlaWdodD0iNjAwIiA+PC9zdmc+\" alt=\"Slider\" \/><\/div><\/div><\/div>\n<div><\/div>\n<div><\/div>\n<div>\n<h2><\/h2>\n<h2 class=\"text-center\">Video del Proceso de Rendici\u00f3n de Cuentas 2023<\/h2>\n<p><iframe loading=\"lazy\" style=\"border: none; overflow: hidden;\" src=\"https:\/\/www.facebook.com\/plugins\/video.php?height=314&amp;href=https%3A%2F%2Fwww.facebook.com%2F61555888988405%2Fvideos%2F453583497390599%2F&amp;show_text=false&amp;width=560&amp;t=0\" width=\"560\" height=\"314\" frameborder=\"0\" scrolling=\"no\" allowfullscreen=\"allowfullscreen\" data-mce-fragment=\"1\"><\/iframe><\/p>\n<\/div>\n<p>&nbsp;<\/p>\n<h3 data-start=\"236\" data-end=\"313\">\ud83d\udcca <strong data-start=\"243\" data-end=\"313\">Rendici\u00f3n de Cuentas 2023: Transparencia y Compromiso con Calder\u00f3n<\/strong><\/h3>\n<p data-start=\"315\" data-end=\"613\">El Gobierno Aut\u00f3nomo Descentralizado Parroquial de Calder\u00f3n llev\u00f3 a cabo su <strong data-start=\"391\" data-end=\"456\">Rendici\u00f3n de Cuentas correspondiente al ejercicio fiscal 2023<\/strong>, cumpliendo con el deber constitucional de informar a la ciudadan\u00eda sobre la gesti\u00f3n realizada, el uso de los recursos p\u00fablicos y los resultados alcanzados.<\/p>\n<p data-start=\"615\" data-end=\"875\">Durante el a\u00f1o 2023, el GAD Parroquial trabaj\u00f3 en diferentes ejes estrat\u00e9gicos que respondieron a las principales necesidades de la comunidad, destac\u00e1ndose avances en <strong data-start=\"782\" data-end=\"874\">infraestructura, desarrollo social, fortalecimiento productivo y participaci\u00f3n ciudadana<\/strong>.<\/p>\n<p data-start=\"877\" data-end=\"912\">\ud83d\udd39 <strong data-start=\"880\" data-end=\"911\">Principales logros del 2023<\/strong>:<\/p>\n<p data-start=\"1028\" data-end=\"1137\">\u2705 <strong data-start=\"1030\" data-end=\"1085\">Rehabilitaci\u00f3n y mantenimiento de espacios p\u00fablicos<\/strong> como parques, centros comunales y \u00e1reas deportivas.<\/p>\n<p data-start=\"1139\" data-end=\"1261\">\u2705 <strong data-start=\"1141\" data-end=\"1179\">Impulso a la cultura y tradiciones<\/strong> con el apoyo a eventos comunitarios, fiestas patronales y actividades art\u00edsticas.<\/p>\n<p data-start=\"1263\" data-end=\"1385\">\u2705 <strong data-start=\"1265\" data-end=\"1281\">Apoyo social<\/strong> a grupos prioritarios, con \u00e9nfasis en adultos mayores, ni\u00f1ez y personas en situaci\u00f3n de vulnerabilidad.<\/p>\n<p data-start=\"1387\" data-end=\"1529\">\u2705 <strong data-start=\"1389\" data-end=\"1441\">Gestiones ante instituciones p\u00fablicas y privadas<\/strong> para canalizar apoyo t\u00e9cnico, financiero y log\u00edstico a favor de proyectos comunitarios.<\/p>\n<p data-start=\"1531\" data-end=\"1680\">\u2705 <strong data-start=\"1533\" data-end=\"1575\">Fortalecimiento de capacidades locales<\/strong> mediante mingas y espacios de participaci\u00f3n ciudadana que promovieron el desarrollo colectivo.<\/p>\n<p data-start=\"1682\" data-end=\"1956\">Este proceso se desarroll\u00f3 de manera participativa, permitiendo que la ciudadan\u00eda exprese sus criterios, observaciones y sugerencias para mejorar la gesti\u00f3n p\u00fablica. La transparencia, la responsabilidad y el trabajo conjunto fueron pilares fundamentales durante todo el a\u00f1o.<\/p>\n<p data-start=\"1958\" data-end=\"2195\">Agradecemos profundamente a los habitantes de Calder\u00f3n por su confianza, participaci\u00f3n activa y apoyo continuo. Reafirmamos nuestro compromiso de seguir trabajando por una parroquia m\u00e1s pr\u00f3spera, inclusiva y con oportunidades para todos.<\/p>\n<p>&nbsp;<\/p>\n<p>&nbsp;<\/p>\n","protected":false},"excerpt":{"rendered":"<p>El Gobierno Autonomo Descentralizado Parroquial Rural de Calder\u00f3n ha llevado a cabo un riguroso y transparente proceso de rendici\u00f3n de cuentas, con el objetivo de informar a la ciudadan\u00eda sobre la gesti\u00f3n y uso de los recursos p\u00fablicos. Este proceso incluy\u00f3 varias etapas claves, dise\u00f1adas para garantizar la claridad y la participaci\u00f3n ciudadana. &nbsp; Documentaci\u00f3n&hellip;<\/p>\n","protected":false},"author":6,"featured_media":0,"parent":0,"menu_order":0,"comment_status":"closed","ping_status":"closed","template":"","meta":{"_joinchat":[]},"class_list":["post-1361","page","type-page","status-publish","hentry","description-off"],"_links":{"self":[{"href":"https:\/\/calderon.gob.ec\/esmeraldas\/index.php?rest_route=\/wp\/v2\/pages\/1361","targetHints":{"allow":["GET"]}}],"collection":[{"href":"https:\/\/calderon.gob.ec\/esmeraldas\/index.php?rest_route=\/wp\/v2\/pages"}],"about":[{"href":"https:\/\/calderon.gob.ec\/esmeraldas\/index.php?rest_route=\/wp\/v2\/types\/page"}],"author":[{"embeddable":true,"href":"https:\/\/calderon.gob.ec\/esmeraldas\/index.php?rest_route=\/wp\/v2\/users\/6"}],"replies":[{"embeddable":true,"href":"https:\/\/calderon.gob.ec\/esmeraldas\/index.php?rest_route=%2Fwp%2Fv2%2Fcomments&post=1361"}],"version-history":[{"count":6,"href":"https:\/\/calderon.gob.ec\/esmeraldas\/index.php?rest_route=\/wp\/v2\/pages\/1361\/revisions"}],"predecessor-version":[{"id":1525,"href":"https:\/\/calderon.gob.ec\/esmeraldas\/index.php?rest_route=\/wp\/v2\/pages\/1361\/revisions\/1525"}],"wp:attachment":[{"href":"https:\/\/calderon.gob.ec\/esmeraldas\/index.php?rest_route=%2Fwp%2Fv2%2Fmedia&parent=1361"}],"curies":[{"name":"wp","href":"https:\/\/api.w.org\/{rel}","templated":true}]}}